erivative of -m**4/4 - m**3/3 + 5*m**2/2 + 2*m + 3. Let h be w(-3). Is 2/h - (-213)/5 composite?
False
Suppose 746 = 4*j + n, 3 = -2*n - 1. Is j a composite number?
True
Let a(o) = 26*o**2 + 6*o - 6. Is a(5) a composite number?
True
Let s = 23 + -13. Is (-312)/(-5) + s/(-25) a composite number?
True
Let o be ((-18)/(-8))/(24/64). Is (-206)/(-6) - 2/o prime?
False
Let o(x) = 14*x**2 + 2*x + 3. Suppose 1 - 4 = k. Let y be k/(-3) + 0 - -3. Is o(y) prime?
False
Suppose 17 = 2*r + 5*c, -2*r + 2*c + 3 = 7. Let a be 3 + r/2*0. Suppose 4*u - f - 271 = 0, -5*f + 188 = a*u - 44. Is u a prime number?
False
Let r(j) = 10*j + 9. Let q(u) = 5*u + 4. Let c(z) = -5*q(z) + 2*r(z). Let v(y) = 10*y + 5. Let o(l) = -5*c(l) - 2*v(l). Is o(3) composite?
True
Suppose -11*r = -14*r + 471. Is r a composite number?
False
Let g(t) = -13*t - 4 - 1 - 7*t. Is g(-6) composite?
True
Suppose 0 = -8*v + 11*v - 4809. Is v prime?
False
Let r(z) = -z + 7. Let b be r(5). Suppose -b*f = -4*o + 18, 3*f + 31 = 3*o - 2*f. Suppose 5*x - o*x - 33 = 0. Is x prime?
True
Let d(t) = -t**3 - t**2 - t + 2. Let y be d(0). Let b be (2 - 3) + (y - -341). Suppose -o = -k + 81, -4*k + 0*o - 5*o = -b. Is k a prime number?
True
Suppose 0 = 5*o - 2*a - 3*a - 5, -5*o + 3*a = -7. Suppose -o*g + 19 = -g. Is g composite?
False
Let h be (-2 - 6/(-4))*0. Suppose -24 = 2*f - h*f. Is (-807)/f + 2/(-8) a composite number?
False
Suppose -6537 = -42*i + 39*i. Is i a prime number?
True
Suppose -2*h - 292 = -4*n, 0*n + 4*h = -n + 73. Suppose p = 225 + n. Is p*3/12*2 prime?
True
Let d(q) = 20*q - 1. Is d(6) a composite number?
True
Suppose 846 + 1785 = 2*y + 3*u, -6586 = -5*y + u. Is y a composite number?
True
Let i(y) = y**2 + y + 397. Let l = 3 + -3. Is i(l) a prime number?
True
Let c(n) = -n**2 + n - 5. Let t be c(0). Is ((-1)/3)/(t/1245) composite?
False
Let a(r) = -11*r + 2. Let q = 4 - 3. Let h be (0 + q/(-2))*6. Is a(h) a composite number?
True
Let a(x) = -171*x + 6. Let c be a(-6). Suppose c = 4*n + 4*l, -3*n = 4*l - 24 - 749. Is n a composite number?
True
Suppose 4*o - 29 + 5 = 0. Suppose -38 = -4*b + o. Is b composite?
False
Is -5 - (0 + (-4296 - 0)) a prime number?
False
Is ((-4)/10 - 0)/((-6)/5835) prime?
True
Suppose -10*k + 7*k + 1437 = 0. Is k prime?
True
Suppose -g = -3*g + 158. Is (-7)/(-14)*2*g composite?
False
Suppose 0 = -2*b + 10, -3*i - 18 = -4*b - 7. Suppose 2*w - 10 = -d, d = 2*d - i*w - 20. Is d a composite number?
True
Let u = -4 - -7. Suppose -130 + 20 = -5*k + u*q, -3*q + 61 = 4*k. Is k prime?
True
Let l = 86 + -34. Suppose -3*v - 5*p - l = -4*v, 0 = -2*v - 2*p + 128. Let k = -40 + v. Is k composite?
True
Suppose 26*j = 28*j - 1166. Is j a composite number?
True
Suppose -2*w - 52 = -0*w. Is (3/(-2))/(1/w) composite?
True
Let y(r) = 7*r**2 - 8*r - 4. Let x be y(6). Suppose -4*v + 5*v - 4*t = -x, t + 732 = -4*v. Let i = 213 - v. Is i a composite number?
False
Suppose -6*p + 2012 = -6334. Is p a prime number?
False
Let t = -18 - -10. Is ((-38)/t)/((-2)/(-8)) a prime number?
True
Suppose 4*q = 4 - 0. Let i = q + -3. Is 159/(-2)*i/3 a prime number?
True
Is (34/(-2))/((-2)/26) prime?
False
Let v be (-74)/(-14) - (-4)/(-14). Suppose 5*i + 4*g - 75 = 0, -4*i + i = v*g - 32. Is i a composite number?
False
Let g(a) be the first derivative of 7*a**4/4 - a**3 + a**2 + a - 3. Let p be (-1 - -1) + (1 - -1). Is g(p) composite?
True
Let q(b) = b - 11. Let m be q(0). Is (-7)/(-4)*m*-4 a prime number?
False
Suppose -z + 3*z - 12 = 0. Let o(i) = -3 + 2 + 2 + z*i**2 - 4*i. Is o(-3) composite?
False
Suppose -5*l - 956 = -3281. Let k = l - 274. Suppose -5*g + k = -24. Is g prime?
True
Let w = 6808 - 827. Is w prime?
True
Let p(v) = v**3 - 8*v**2 - 8*v + 44. Is p(13) prime?
False
Let f be 7*1*3/(-3). Let u(j) = -16*j + 15. Is u(f) a prime number?
True
Let y = 655 - 453. Is y a prime number?
False
Suppose 3*u + 4*p = 0, -5*u - p - 14 = 3. Let h be u/(0 + (-1)/1). Suppose h*n = 5*n - 15. Is n a composite number?
True
Is (-2 + 4)/(2/829) a composite number?
False
Let m = -63 - -146. Is m composite?
False
Suppose 3*j = -4*x + 37, 3*j = 5*x + 5*j - 41. Let n(d) = d**3 - 7*d**2 + 3*d - 6. Is n(x) prime?
False
Suppose u = 3*m - m - 7, u = 5*m - 10. Is 77/4 - m/4 composite?
False
Suppose -4*y + 12 = -0*y + 3*v, -3*v = 3*y - 9. Let x be ((-12)/8)/(y/4). Is x*3*(-57)/6 a composite number?
True
Suppose -p + 88 = -71. Is p composite?
True
Let d = -8 - -11. Suppose -308 = -d*i - i. Is i prime?
False
Suppose 6*f - f - 15 = 0. Suppose f*h - 4*h = -2. Suppose h*r - 85 = 21. Is r a prime number?
True
Suppose -6*w - 3*w = -7839. Is w a prime number?
False
Suppose 1 + 2 = 3*j. Let o be 6 + 2 + -2 + j. Suppose 0 = -o*x + 3*x - 8, 4*m - 5*x = 70. Is m a composite number?
True
Suppose -4*p = 2*d - 3*d - 323, 4*p + 3*d - 343 = 0. Is p a prime number?
False
Let b be (5 - 7)*(-6)/4. Let p(x) = -9*x - 4 + 1 + b*x. Is p(-9) composite?
True
Let r(s) = -183*s - 8. Is r(-5) composite?
False
Let i be ((-24)/7)/(-4)*7. Suppose 2*v + i = -v. Is 77 - (-2 - (-2 - v)) composite?
False
Let r(x) = x**3 - 1 - x + 6*x**2 + 0*x - 5*x. Is r(-4) composite?
True
Is (-20)/130 - (-63678)/26 a prime number?
False
Let d(q) = -q - 2. Let p be d(-1). Let n(f) = -932*f**3 + f**2 - 1. Let y be n(p). Suppose -4*c - 64 = -y. Is c composite?
True
Let g(s) = s**3 - 12*s**2 + 11*s + 6. Let r be g(11). Suppose p = r*f - 2*f + 23, -3*p - f = -95. Is p prime?
True
Suppose 3297 = f + 2*f. Is f a prime number?
False
Suppose 2*n - 6 = 5*a + 4*n, 12 = -2*a - 4*n. Suppose -3*l + 93 - 3 = a. Suppose 0 = -0*x - 5*x + l. Is x a prime number?
False
Let t be (2/4)/(2/(-312)). Let a = t + 659. Is a composite?
True
Let b(i) = -i - 4. Let p be b(-3). Let w be p - (-3)/(9/(-435)). Is (-1 - 0)*1 - w prime?
False
Is (-8414)/(-6) - 12/(-18) prime?
False
Suppose -5*y - 196 = -3*w, w - 3*y - 2*y - 72 = 0. Suppose 5*j + w = 7*j. Is j composite?
False
Let x(w) be the second derivative of -w**3/6 + 11*w**2/2 + 2*w. Let v(k) = -k**2 - 2*k + 3. Let h be v(-3). Is x(h) composite?
False
Let w = 1 + -1. Suppose w = -4*i + i + 699. Is i a composite number?
False
Let m(a) = -257*a**3 - a**2 + a + 2. Let n(f) = -f**3 - f**2 + 2*f - 1. Let l be n(1). Is m(l) a prime number?
True
Let g(k) = 31*k**3 - k + 1. Let v(t) = -t - 1. Let x be v(-5). Let p = -3 + x. Is g(p) composite?
False
Let d be (-36)/(-20) - 1/(-5). Suppose 3*k - 39 = d*k. Let v = k - 25. Is v a composite number?
True
Let n be (16/(-6))/((-6)/9). Suppose -2976 = -n*c - 3*v + 698, 2*c - 4*v - 1826 = 0. Is c prime?
False
Suppose 0*k + 3*k - 6324 = -3*f, -2*f = k - 2111. Is k prime?
False
Is 149/4 - (-12)/(-48) a prime number?
True
Let c(z) be the first derivative of 3 + 17/2*z**4 + 0*z**2 + 0*z + 0*z**3. Is c(1) a prime number?
False
Suppose -5*r + 3*o = -2129, 7 = 5*o - 3. Is r a composite number?
True
Let k be -1 + 2/((-4)/(-386)). Suppose 0 = 3*w + 5*p - k, w + 126 = 3*w + 4*p. Is w composite?
True
Suppose 4*v - 1176 = -332. Is v composite?
False
Suppose y = -2*j - y + 216, 0 = 2*y + 10. Suppose 0 = 4*o + 89 - 25. Let s = o + j. Is s a prime number?
True
Let w = 3 - 3. Suppose 3*c - 4*c + 43 = w. Is c a composite number?
False
Is 446 - 1/(1 + 0) a composite number?
True
Suppose a - 2*a = 0. Suppose -5*w + a*w + 340 = 0. Is w/6 - 3/9 a prime number?
True
Let o = 266 - 107. Is o composite?
True
Suppose -2*m - 3*m = 3*w - 2930, -2*m = -5*w - 1203. Is m a composite number?
True
Let m(w) = 2*w**2 - 2*w. Let h be 0/1 + (1 - -1). Let f be m(h). Suppose -f*n + 88 = -0*z + 4*z, -2*z + n = -44. Is z composite?
True
Let s(b) = b + 6. Let q be s(0). Suppose q*z - 680 = 2*z. Let d = -93 + z. Is d a composite number?
True
Is (-1)/(-5) + 124/5 a prime number?
False
Let n be 15/(-25) + 3/5. Suppose -4*d + 3*h + 13 + 41 = n, d = h + 13. Is d a prime number?
False
Suppose 3*u - 4 = 2. Suppose 3 = u*g - 5. Suppose g*w - 106 = 34. Is w prime?
False
Let n(m) = 307*m**2 + m + 1. Is n(-1) prime?
True
Let i = -80 + 175. Is i composite?
True
Let d(h) = 13*h**2 + 2*h - 3. Let i = 6 - 2. Is d(i) a prime number?
False
Let f(b) = b**2 + 5*b - 3. Let a(p) = -p**2 - 5*p + 4. Let g be a(-7). Let x be f(g). Suppose h + 0*h = x. Is h prime?
True
Let w be (-2)/(-2) - (5 - 2). Let a(i) = 3*i**3 + 5*i**2 + 4*i + 1. Let z(n) = -n**3 - n**2 - n - 1. Let u(q) = w*z(q) -